{"id":754,"date":"2024-07-28T15:09:45","date_gmt":"2024-07-28T15:09:45","guid":{"rendered":"https:\/\/framtidarsyn.is\/?post_type=namaste_course&#038;p=754"},"modified":"2024-07-28T21:04:47","modified_gmt":"2024-07-28T21:04:47","slug":"snjoll-skref-i-fjarmalum","status":"publish","type":"namaste_course","link":"https:\/\/framtidarsyn.is\/index.php\/course\/snjoll-skref-i-fjarmalum\/","title":{"rendered":"Snj\u00f6ll skref \u00ed fj\u00e1rm\u00e1lum"},"content":{"rendered":"\n<p>H\u00e9r geta kennarar n\u00e1lgast stu\u00f0ningsefni til a\u00f0 nota vi\u00f0 kennslu. <strong>Stu\u00f0ningsefni er ekki til dreifingar<\/strong>.<\/p>\n\n\n\n<p>Kennurum sem nota b\u00f3kina \u00ed kennslu er velkomi\u00f0 a\u00f0 hafa samband vi\u00f0 h\u00f6fund me\u00f0 \u00e1bendingar e\u00f0a spurningar. Sendi\u00f0 t\u00f6lvup\u00f3st \u00e1 gunnar.baldvinsson@icloud.com.<\/p>\n\n\n\n<ul class='namaste-list'><li><a href='https:\/\/framtidarsyn.is\/index.php\/lesson\/daemi-og-svor\/'>D\u00e6mi og sv\u00f6r<\/a><\/li><li><a href='https:\/\/framtidarsyn.is\/index.php\/lesson\/glaerur-i-kafla-1\/'>Gl\u00e6rur i\u0301 kafla 1<\/a><\/li><li><a href='https:\/\/framtidarsyn.is\/index.php\/lesson\/glaerur-i-kafla-2-fyrri-hluti\/'>Gl\u00e6rur i\u0301 kafla 2 fyrri hluti<\/a><\/li><li><a href='https:\/\/framtidarsyn.is\/index.php\/lesson\/glaerur-i-kafla-2-seinni-hluti\/'>Gl\u00e6rur i\u0301 kafla 2 seinni hluti<\/a><\/li><li><a href='https:\/\/framtidarsyn.is\/index.php\/lesson\/glaerur-i-kafla-3-fyrri-hluti\/'>Gl\u00e6rur i\u0301 kafla 3 fyrri hluti<\/a><\/li><li><a href='https:\/\/framtidarsyn.is\/index.php\/lesson\/glaerur-i-kafla-3-seinni-hluti\/'>Gl\u00e6rur i\u0301 kafla 3 seinni hluti<\/a><\/li><li><a href='https:\/\/framtidarsyn.is\/index.php\/lesson\/glaerur-i-kafla-4\/'>Gl\u00e6rur \u00ed kafla 4<\/a><\/li><li><a href='https:\/\/framtidarsyn.is\/index.php\/lesson\/glaerur-i-kafla-5\/'>Gl\u00e6rur \u00ed kafla 5<\/a><\/li><li><a href='https:\/\/framtidarsyn.is\/index.php\/lesson\/glaerur-i-kafla-6\/'>Gl\u00e6rur \u00ed kafla 6<\/a><\/li><li><a href='https:\/\/framtidarsyn.is\/index.php\/lesson\/spurningar-og-svor\/'>Spurningar og sv\u00f6r<\/a><\/li><\/ul>\n","protected":false},"excerpt":{"rendered":"<p><span style=\"caret-color: #7e8890; color: #7e8890; font-family: Lato; font-size: 15px; background-color: #1c212a;\">H\u00e9r m\u00e1 finna stu\u00f0ningsefni fyrir kennslu \u00far b\u00f3kinni <\/span>Snj\u00f6ll skref \u00ed fj\u00e1rm\u00e1lum<span style=\"background-color: #1c212a; color: #7e8890; font-family: Lato; font-size: 15px; caret-color: #7e8890;\">.<\/span><\/p>\n","protected":false},"author":3,"featured_media":0,"comment_status":"open","ping_status":"closed","template":"","format":"standard","categories":[9],"tags":[],"_links":{"self":[{"href":"https:\/\/framtidarsyn.is\/index.php\/wp-json\/wp\/v2\/namaste_course\/754"}],"collection":[{"href":"https:\/\/framtidarsyn.is\/index.php\/wp-json\/wp\/v2\/namaste_course"}],"about":[{"href":"https:\/\/framtidarsyn.is\/index.php\/wp-json\/wp\/v2\/types\/namaste_course"}],"author":[{"embeddable":true,"href":"https:\/\/framtidarsyn.is\/index.php\/wp-json\/wp\/v2\/users\/3"}],"replies":[{"embeddable":true,"href":"https:\/\/framtidarsyn.is\/index.php\/wp-json\/wp\/v2\/comments?post=754"}],"wp:attachment":[{"href":"https:\/\/framtidarsyn.is\/index.php\/wp-json\/wp\/v2\/media?parent=754"}],"wp:term":[{"taxonomy":"category","embeddable":true,"href":"https:\/\/framtidarsyn.is\/index.php\/wp-json\/wp\/v2\/categories?post=754"},{"taxonomy":"post_tag","embeddable":true,"href":"https:\/\/framtidarsyn.is\/index.php\/wp-json\/wp\/v2\/tags?post=754"}],"curies":[{"name":"wp","href":"https:\/\/api.w.org\/{rel}","templated":true}]}}

Snjöll skref í fjármálum

<p>Hér geta kennarar nálgast stuðningsefni til að nota við kennslu. <strong>Stuðningsefni er ekki til dreifingar</strong>.</p>



<p>Kennurum sem nota bókina í kennslu er velkomið að hafa samband við höfund með ábendingar eða spurningar. Sendið tölvupóst á gunnar.baldvinsson@icloud.com.</p>



<ul class='namaste-list'><li><a href='https://framtidarsyn.is/index.php/lesson/daemi-og-svor/'>Dæmi og svör</a></li><li><a href='https://framtidarsyn.is/index.php/lesson/glaerur-i-kafla-1/'>Glærur í kafla 1</a></li><li><a href='https://framtidarsyn.is/index.php/lesson/glaerur-i-kafla-2-fyrri-hluti/'>Glærur í kafla 2 fyrri hluti</a></li><li><a href='https://framtidarsyn.is/index.php/lesson/glaerur-i-kafla-2-seinni-hluti/'>Glærur í kafla 2 seinni hluti</a></li><li><a href='https://framtidarsyn.is/index.php/lesson/glaerur-i-kafla-3-fyrri-hluti/'>Glærur í kafla 3 fyrri hluti</a></li><li><a href='https://framtidarsyn.is/index.php/lesson/glaerur-i-kafla-3-seinni-hluti/'>Glærur í kafla 3 seinni hluti</a></li><li><a href='https://framtidarsyn.is/index.php/lesson/glaerur-i-kafla-4/'>Glærur í kafla 4</a></li><li><a href='https://framtidarsyn.is/index.php/lesson/glaerur-i-kafla-5/'>Glærur í kafla 5</a></li><li><a href='https://framtidarsyn.is/index.php/lesson/glaerur-i-kafla-6/'>Glærur í kafla 6</a></li><li><a href='https://framtidarsyn.is/index.php/lesson/spurningar-og-svor/'>Spurningar og svör</a></li></ul>

<p><span style="caret-color: #7e8890; color: #7e8890; font-family: Lato; font-size: 15px; background-color: #1c212a;">Hér má finna stuðningsefni fyrir kennslu úr bókinni </span>Snjöll skref í fjármálum<span style="background-color: #1c212a; color: #7e8890; font-family: Lato; font-size: 15px; caret-color: #7e8890;">.</span></p>
